{"id":1322,"date":"2024-09-01T20:56:53","date_gmt":"2024-09-01T20:56:53","guid":{"rendered":"https:\/\/www.sveiflustodin.is\/?post_type=product&#038;p=1322"},"modified":"2024-09-01T20:58:05","modified_gmt":"2024-09-01T20:58:05","slug":"charleston-1","status":"publish","type":"product","link":"https:\/\/www.sveiflustodin.is\/?product=charleston-1","title":{"rendered":"Charleston 1"},"content":{"rendered":"<p><span style=\"font-weight: 400;\">Grunnn\u00e1mskei\u00f0 \u00ed Charleston.<\/span><\/p>\n<p><span style=\"font-weight: 400;\">Charleston dansinn var\u00f0 vins\u00e6ll \u00e1 \u00feri\u00f0ja \u00e1ratug seinustu aldar og er forveri sveifludansa eins og Lindy Hop sem honum er oft blanda\u00f0 saman vi\u00f0 \u00e1 dansg\u00f3lfinu. Dansinn er dansa\u00f0ur vi\u00f0 hra\u00f0a og hressa t\u00f3nlist og er \u00f3missandi hluti af verkf\u00e6rum sveifludansarans.<\/span><\/p>\n","protected":false},"excerpt":{"rendered":"<p>Grunnn\u00e1mskei\u00f0 \u00ed Charleston. Charleston dansinn var\u00f0 vins\u00e6ll \u00e1 \u00feri\u00f0ja \u00e1ratug seinustu aldar og er forveri sveifludansa eins og Lindy Hop sem honum er oft blanda\u00f0 saman vi\u00f0 \u00e1 dansg\u00f3lfinu. Dansinn [&hellip;]<\/p>\n","protected":false},"featured_media":1063,"comment_status":"closed","ping_status":"closed","template":"","meta":{"_et_pb_use_builder":"","_et_pb_old_content":"","_et_gb_content_width":"","ngg_post_thumbnail":0},"product_brand":[],"product_cat":[86],"product_tag":[],"class_list":{"0":"post-1322","1":"product","2":"type-product","3":"status-publish","4":"has-post-thumbnail","6":"product_cat-dansnamskeid","8":"first","9":"instock","10":"virtual","11":"taxable","12":"purchasable","13":"product-type-simple"},"_links":{"self":[{"href":"https:\/\/www.sveiflustodin.is\/index.php?rest_route=\/wp\/v2\/product\/1322","targetHints":{"allow":["GET"]}}],"collection":[{"href":"https:\/\/www.sveiflustodin.is\/index.php?rest_route=\/wp\/v2\/product"}],"about":[{"href":"https:\/\/www.sveiflustodin.is\/index.php?rest_route=\/wp\/v2\/types\/product"}],"replies":[{"embeddable":true,"href":"https:\/\/www.sveiflustodin.is\/index.php?rest_route=%2Fwp%2Fv2%2Fcomments&post=1322"}],"wp:featuredmedia":[{"embeddable":true,"href":"https:\/\/www.sveiflustodin.is\/index.php?rest_route=\/wp\/v2\/media\/1063"}],"wp:attachment":[{"href":"https:\/\/www.sveiflustodin.is\/index.php?rest_route=%2Fwp%2Fv2%2Fmedia&parent=1322"}],"wp:term":[{"taxonomy":"product_brand","embeddable":true,"href":"https:\/\/www.sveiflustodin.is\/index.php?rest_route=%2Fwp%2Fv2%2Fproduct_brand&post=1322"},{"taxonomy":"product_cat","embeddable":true,"href":"https:\/\/www.sveiflustodin.is\/index.php?rest_route=%2Fwp%2Fv2%2Fproduct_cat&post=1322"},{"taxonomy":"product_tag","embeddable":true,"href":"https:\/\/www.sveiflustodin.is\/index.php?rest_route=%2Fwp%2Fv2%2Fproduct_tag&post=1322"}],"curies":[{"name":"wp","href":"https:\/\/api.w.org\/{rel}","templated":true}]}}